{"id":952,"date":"2020-11-10T09:33:59","date_gmt":"2020-11-10T09:33:59","guid":{"rendered":"http:\/\/tijelorijeci.com\/copy\/?page_id=952"},"modified":"2020-11-29T16:07:30","modified_gmt":"2020-11-29T16:07:30","slug":"teme-i-metodologija","status":"publish","type":"page","link":"https:\/\/tijelorijeci.com\/copy\/teme-i-metodologija\/","title":{"rendered":"Metodologija"},"content":{"rendered":"\n<p><\/p>\n\n\n\n<p>Zajedni\u010dko svim radionicama jest da se biraju teme i literatura koja poti\u010de kreativnost i ono iskonsko u nama kako bismo se povezali s na\u0161im \u201eJa.\u201c<br>Istra\u017euju se autori poput Radovana Iv\u0161i\u0107a, Itala Calvina, Georga Orwella, a velik broj radionica fokusirao se na temu mitova, odnosno bajki. Tako\u0111er, TijeloRIJE\u010cI bave se i poezijom, pa je tako velik broj hrvatskih pjesnika na radionici poslu\u017eio kao inspiracija. Polaznicima se daju razli\u010diti literarni zadatci (kratke vje\u017ebe kako napisati bajku, kako kreirati dijalog, kako ukloniti vi\u0161kove iz napisanog teksta, kako ispripovijedati napisano, itd.). Literarni dio zadatka sudionici ve\u0107inom obavljaju samostalno, a ponekad i u manjim grupama.<br>Budu\u0107i da se radionica bavi i tjelesno\u0161\u0107u, TijeloRIJE\u010cI veliku va\u017enost pridaje fizi\u010dkim datostima odre\u0111enih prostora. Stoga nastojimo osjetiti zadani ili izabrani ambijent &#8211; primjerice zgradu Mamutica, izlo\u017ebu <em>Nepokorena \u0161uma i Radovan Iv\u0161i\u0107<\/em> ili izlo\u017ebu <em>Sedmo nebo<\/em> koja se bavila temom &#8220;spirale.&#8221; Ovisno o konceptu pojedine radionice i grupi polaznika, rad s pokretom varira. Neke su radionice izrazito meditativne i zasnovane primarno na vje\u017ebama disanja, autenti\u010dnom pokretu i radu s imaginacijom, dok u drugima koristimo intenzivniji pristup kako grupnim, tako i samostalnim vje\u017ebama. U oba slu\u010daja, rad se zasniva na osvje\u0161tavanju tijela, osjeta&nbsp;i emocija kod polaznika.<\/p>\n\n\n\n<figure class=\"wp-block-gallery columns-1 is-cropped\"><ul class=\"blocks-gallery-grid\"><li class=\"blocks-gallery-item\"><figure><img loading=\"lazy\" width=\"300\" height=\"441\" src=\"http:\/\/tijelorijeci.com\/copy\/wp-content\/uploads\/2020\/11\/poezija-poesie-867_medium.jpeg\" alt=\"\" data-id=\"1335\" data-full-url=\"http:\/\/tijelorijeci.com\/copy\/wp-content\/uploads\/2020\/11\/poezija-poesie-867_medium.jpeg\" data-link=\"http:\/\/tijelorijeci.com\/copy\/poezija-poesie-867_medium\/\" class=\"wp-image-1335\" srcset=\"https:\/\/tijelorijeci.com\/copy\/wp-content\/uploads\/2020\/11\/poezija-poesie-867_medium.jpeg 300w, https:\/\/tijelorijeci.com\/copy\/wp-content\/uploads\/2020\/11\/poezija-poesie-867_medium-204x300.jpeg 204w\" sizes=\"(max-width: 300px) 100vw, 300px\" \/><\/figure><\/li><\/ul><\/figure>\n","protected":false},"excerpt":{"rendered":"<p>Zajedni\u010dko svim radionicama jest da se biraju teme i literatura koja poti\u010de kreativnost i ono iskonsko u nama kako bismo se povezali s na\u0161im \u201eJa.\u201cIstra\u017euju&hellip;<\/p>\n","protected":false},"author":1,"featured_media":0,"parent":0,"menu_order":2,"comment_status":"closed","ping_status":"closed","template":"","meta":[],"_links":{"self":[{"href":"https:\/\/tijelorijeci.com\/copy\/wp-json\/wp\/v2\/pages\/952"}],"collection":[{"href":"https:\/\/tijelorijeci.com\/copy\/wp-json\/wp\/v2\/pages"}],"about":[{"href":"https:\/\/tijelorijeci.com\/copy\/wp-json\/wp\/v2\/types\/page"}],"author":[{"embeddable":true,"href":"https:\/\/tijelorijeci.com\/copy\/wp-json\/wp\/v2\/users\/1"}],"replies":[{"embeddable":true,"href":"https:\/\/tijelorijeci.com\/copy\/wp-json\/wp\/v2\/comments?post=952"}],"version-history":[{"count":16,"href":"https:\/\/tijelorijeci.com\/copy\/wp-json\/wp\/v2\/pages\/952\/revisions"}],"predecessor-version":[{"id":1341,"href":"https:\/\/tijelorijeci.com\/copy\/wp-json\/wp\/v2\/pages\/952\/revisions\/1341"}],"wp:attachment":[{"href":"https:\/\/tijelorijeci.com\/copy\/wp-json\/wp\/v2\/media?parent=952"}],"curies":[{"name":"wp","href":"https:\/\/api.w.org\/{rel}","templated":true}]}}